True
Does 14 divide 14188216?
True
Is 813136611 a multiple of 1151?
True
Does 207 divide 42860681?
False
Does 1254 divide 1119481848?
False
Is 49900497 a multiple of 90?
False
Is 6680917166 a multiple of 22?
True
Is 229466785 a multiple of 4145?
False
Does 5 divide 19668227?
False
Is 15 a factor of 329845958?
False
Is 1123417627 a multiple of 53?
True
Does 20 divide 161965200?
True
Is 26660330 a multiple of 118?
True
Does 78 divide 27836976?
False
Is 6263848 a multiple of 560?
False
Is 209 a factor of 3318293?
True
Is 4958949141 a multiple of 7779?
True
Is 1655555692 a multiple of 11?
False
Is 11501 a factor of 1949971548?
True
Is 717 a factor of 27990520?
False
Does 4 divide 14033097?
False
Is 603 a factor of 9114948?
True
Is 10061107 a multiple of 4?
False
Does 12360 divide 1922981160?
True
Is 990 a factor of 2988370?
False
Is 2450 a factor of 34282850?
True
Is 2946 a factor of 30022686?
True
Is 74 a factor of 24772758?
True
Does 2 divide 5970471?
False
Does 2316 divide 388467312?
True
Is 40 a factor of 54003320?
True
Is 249215589 a multiple of 4266?
False
Is 205653525 a multiple of 525?
True
Is 989 a factor of 3076725594?
True
Does 20 divide 333307101?
False
Does 83 divide 254671325?
False
Is 1565509940 a multiple of 3617?
True
Is 69922396 a multiple of 79?
False
Is 1806502755 a multiple of 3873?
True
Does 24 divide 266756238?
False
Is 44 a factor of 4216110?
False
Does 54 divide 240322464?
True
Is 4781275 a multiple of 25?
True
Is 12687940 a multiple of 10?
True
Is 3302 a factor of 4888997334?
True
Is 599 a factor of 10595112?
True
Is 41 a factor of 340156623?
True
Is 10 a factor of 40033370?
True
Is 6404425 a multiple of 5?
True
Is 46755865 a multiple of 2?
False
Is 91821912 a multiple of 21?
True
Is 326 a factor of 421139665?
False
Is 4911 a factor of 1338993972?
True
Is 536 a factor of 827616160?
True
Does 13 divide 13076999?
True
Is 1657 a factor of 1318927261?
True
Is 46977423 a multiple of 2049?
True
Is 519 a factor of 62296426?
False
Is 22 a factor of 63215130?
True
Does 1553 divide 401046720?
True
Is 92272944 a multiple of 12?
True
Is 91647898 a multiple of 54?
False
Is 41797528 a multiple of 10?
False
Is 142595145 a multiple of 55?
True
Does 142 divide 1868324814?
True
Is 1932 a factor of 7810447?
False
Is 24000984 a multiple of 504?
True
Does 7 divide 21339262?
True
Is 2465 a factor of 539042419?
False
Is 131295693 a multiple of 733?
True
Is 821 a factor of 34985645?
False
Is 638 a factor of 34062820?
True
Is 28 a factor of 175306796?
True
Is 307850826 a multiple of 14?
False
Does 130 divide 3310970?
True
Does 251 divide 69130524?
False
Does 135 divide 25332659?
False
Is 457 a factor of 999622606?
True
Is 819931952 a multiple of 712?
False
Is 33094483 a multiple of 88?
False
Is 300 a factor of 449286300?
True
Is 623 a factor of 20451221?
True
Is 2 a factor of 3912836?
True
Is 237754260 a multiple of 339?
True
Does 29 divide 26194482?
True
Is 457418610 a multiple of 8?
False
Is 277 a factor of 9027315?
False
Does 91 divide 846209364?
True
Is 4668 a factor of 256345782?
False
Is 45229415 a multiple of 228?
False
Does 619 divide 783567959?
True
Is 24051067 a multiple of 64?
False
Does 15 divide 560637222?
False
Does 93 divide 21282098?
False
Is 2428492 a multiple of 569?
True
Is 52553009 a multiple of 14?
False
Is 49624278 a multiple of 174?
True
Does 3089 divide 800802085?
False
Is 310352276 a multiple of 194?
True
Is 40246068 a multiple of 438?
True
Is 494685744 a multiple of 7?
True
Does 326 divide 174266234?
True
Is 66546657 a multiple of 19?
False
Is 275 a factor of 15876300?
True
Is 58 a factor of 3499430?
True
Is 461104826 a multiple of 182?
True
Does 6 divide 99068730?
True
Does 1253 divide 181508457?
False
Is 11694588 a multiple of 1212?
True
Is 5964393696 a multiple of 106?
False
Does 1495 divide 32090175?
True
Is 29 a factor of 3857754?
True
Is 199883760 a multiple of 2895?
False
Does 668 divide 31170884?
True
Does 2375 divide 42874563?
False
Does 2009 divide 170955747?
False
Does 6128 divide 372173780?
False
Does 168 divide 49039949?
False
Is 19 a factor of 1756692?
False
Is 1335 a factor of 122888085?
True
Is 58 a factor of 32680274?
True
Does 3 divide 57268372?
False
Does 69 divide 41235107?
False
Is 18 a factor of 220278926?
False
Is 34 a factor of 468078748?
True
Does 1599 divide 87088891?
False
Is 40455362 a multiple of 11?
False
Does 129 divide 1344932457?
True
Does 69 divide 599424938?
False
Does 6 divide 100182292?
False
Is 31 a factor of 94042219?
False
Does 842 divide 478180901?
False
Is 154067452 a multiple of 3438?
False
Does 20 divide 96609050?
False
Is 21790412 a multiple of 164?
False
Does 1166 divide 1018735366?
True
Is 2575837350 a multiple of 141?
True
Is 873561434 a multiple of 118?
True
Is 133 a factor of 331675400?
True
Is 10 a factor of 21805040?
True
Is 3868260207 a multiple of 12407?
False
Is 223058149 a multiple of 36?
False
Does 577 divide 52874725?
False
Is 158 a factor of 9757132?
True
Is 2227 a factor of 32255868?
True
Is 2289765 a multiple of 2?
False
Is 84470220 a multiple of 296?
False
Is 1144 a factor of 1501097798?
False
Does 750 divide 449929977?
False
Is 99204090 a multiple of 62?
False
Does 76 divide 299335703?
False
Is 28544794 a multiple of 23?
True
Does 528 divide 206766522?
False
Does 204 divide 5983128?
False
Does 192 divide 11255604?
False
Is 3288660 a multiple of 30?
True
Does 1931 divide 30612089?
False
Is 1007264815 a multiple of 17?
False
Does 309 divide 54769805?
False
Does 24 divide 61204923?
False
Is 1836 a factor of 363608784?
True
Is 1005887469 a multiple of 19?
False
Is 1966264544 a multiple of 32?
True
Is 2351784288 a multiple of 42?
True
Is 1260199864 a multiple of 1897?
True
Is 836272952 a multiple of 11223?
False
Is 195268500 a multiple of 4500?
True
Is 134 a factor of 1473740174?
True
Does 151 divide 605903355?
True
Is 132396676 a multiple of 998?
True
Does 188 divide 65702428?
True
Does 3100 divide 39388600?
True
Is 382367441 a multiple of 415?
False
Is 503656509 a multiple of 1013?
True
Is 55 a factor of 1170537684?
False
Does 35 divide 30710946?
False
Does 3732 divide 6642960?
True
Does 1511 divide 55074439?
True
Does 10 divide 75420480?
True
Is 18 a factor of 9866676?
False
Does 855 divide 155690112?
False
Does 3274 divide 61911988?
False
Does 761 divide 27661589?
True
Does 23 divide 134166053?
False
Does 16 divide 13473914?
False
Is 39139320 a multiple of 33?
True
Is 47102394 a multiple of 47?
False
Is 5132 a factor of 1014971036?
True
Does 22 divide 89456688?
False
Is 10 a factor of 49378272?
False
Is 1816188683 a multiple of 86?
False
Does 624 divide 493361406?
False
Is 12317544 a multiple of 36?
True
Does 16 divide 16428816?
True
Does 1650 divide 59062851?
False
Is 163369404 a multiple of 1226?
True
Is 1032848550 a multiple of 2542?
False
Is 16 a factor of 17018720?
True
Does 1688 divide 54554472?
True
Is 61202919 a multiple of 556?
False
Is 85 a factor of 454693977?
False
Is 26 a factor of 27784614?
True
Is 871248845 a multiple of 56?
False
Does 19 divide 292414484?
True
Is 149778312 a multiple of 2406?
True
Is 19878471 a multiple of 252?
False
Is 549 a factor of 87584295?
False
Does 973 divide 17799089?
True
Does 29 divide 28113623?
False
Does 7 divide 25129501?
False
Is 34825464 a multiple of 27?
True
Is 7718 a factor of 229973246?
True
Is 2050 a factor of 1136323200?
True
Is 134 a factor of 17965648?
True
Is 15503875 a multiple of 47?
False
Is 69700125 a multiple of 4575?
True
Is 4192134198 a multiple of 1883?
True
Is 506 a factor of 811159998?
True
Is 322069174 a multiple of 10534?
False
Is 36419678 a multiple of 1181?
True
Is 412 a factor of 303241064?
True
Is 15 a factor of 2378011654?
False
Is 110440787 a multiple of 19?
True
Is 4 a factor of 6332780?
True
Is 124 a factor of 3212804?
False
Does 77 divide 516371979?
False
Does 68 divide 42955767?
False
Does 174 divide 877801168?
False
Does 111 divide 20799735?
True
Does 573 divide 143614410?
False
Does 44 divide 19173995?
False
Is 33 a factor of 32597097?
False
Is 639053472 a multiple of 2196?
False
Does 272 divide 1721016250?
False
Is 55005995 a multiple of 4?
False
Is 1695 a factor of 48051722?
False
Does 852 divide 177744339?
False
Is 1076514632 a multiple of 92?
True
Is 37090650 a multiple 